{"id":19,"date":"2023-04-26T20:33:01","date_gmt":"2023-04-26T18:33:01","guid":{"rendered":"http:\/\/les-sens-tantra.fr\/?page_id=19"},"modified":"2025-08-11T15:37:20","modified_gmt":"2025-08-11T13:37:20","slug":"massage-couple-naturiste-et-tantra","status":"publish","type":"page","link":"https:\/\/les-sens-tantra.fr\/index.php\/massage-couple-naturiste-et-tantra\/","title":{"rendered":"Nos Massages"},"content":{"rendered":"\n<p>Nous pratiquons plusieurs massages comme le californien, \u00e0 la bougie, aux bols tib\u00e9tains etc. Le site les-sens-tantra est bas\u00e9 plus sp\u00e9cifiquement aux massages en couple naturiste et tantrique. Le massage Tantra est un massage en harmonie avec le corps et le toucher \u00e9nerg\u00e9tique. Nous avons cr\u00e9\u00e9 notre massage Tantra gr\u00e2ce \u00e0 nos diff\u00e9rentes formations, lectures et ressentis. Tr\u00e8s diff\u00e9rent du massage traditionnel, il est effectu\u00e9 sur un corps nu (si la nudit\u00e9 pose un probl\u00e8me nous pouvons en discuter). Puis le Rituel des sens et enfin le massage dans le noir.<\/p>\n\n\n\n<h2 class=\"wp-block-heading has-large-font-size\">Massage Tantra<\/h2>\n\n\n\n<figure class=\"wp-block-image size-large\"><img loading=\"lazy\" decoding=\"async\" width=\"1024\" height=\"583\" src=\"https:\/\/les-sens-tantra.fr\/wp-content\/uploads\/2023\/04\/IMGP0494-1024x583.jpg\" alt=\"\" class=\"wp-image-21\" srcset=\"https:\/\/les-sens-tantra.fr\/wp-content\/uploads\/2023\/04\/IMGP0494-1024x583.jpg 1024w, https:\/\/les-sens-tantra.fr\/wp-content\/uploads\/2023\/04\/IMGP0494-300x171.jpg 300w, https:\/\/les-sens-tantra.fr\/wp-content\/uploads\/2023\/04\/IMGP0494-768x437.jpg 768w, https:\/\/les-sens-tantra.fr\/wp-content\/uploads\/2023\/04\/IMGP0494-1536x875.jpg 1536w, https:\/\/les-sens-tantra.fr\/wp-content\/uploads\/2023\/04\/IMGP0494-2048x1166.jpg 2048w\" sizes=\"auto, (max-width: 1024px) 100vw, 1024px\" \/><\/figure>\n\n\n\n<p>Le massage Tantra prend en compte l\u2019int\u00e9gralit\u00e9 du corps, y compris les organes g\u00e9nitaux. Chaque partie du corps fait partie du corps dans son ensemble comme les jambes ou le dos. Par ailleurs il n\u2019y a pas de focalisation sur les parties intimes elles sont mass\u00e9es comme les autres parties du corps. Malgr\u00e9 sa connotation sensuelle, le modelage tantrique n\u2019est pas une prestation \u00e9rotique. Il est, n\u00e9anmoins, un modelage permettant de se sentir en harmonie avec son corps, ce qui peut se r\u00e9v\u00e9ler b\u00e9n\u00e9fique pour sa vie sexuelle. C\u2019est dans un cadre respectueux, bienveillant et sacr\u00e9 que vous acc\u00e9derez \u00e0 un espace o\u00f9 les mots, les performances et les objectifs n\u2019existent plus. Et o\u00f9 il ne reste qu\u2019\u00e0 l\u00e2cher prise, se relaxer et laisser l\u2019\u00e9nergie affluer.<br>Le modelage tantrique a \u00e9galement un aspect th\u00e9rapeutique, car il permet de mettre le doigt sur des blocages notamment chez les hommes, pour qui les probl\u00e8mes d\u2019\u00e9rections et d\u2019\u00e9jaculations pr\u00e9coces sont des complexes. De plus, le travail sur les chakras vous fera \u00e9merger des \u00e9motions, des sentiments, des comportements. Le d\u00e9ploiement de la circulation de l\u2019\u00e9nergie dans le corps peut se traduire par des picotements, une sensation d\u2019\u00e9lectricit\u00e9, de chaleur.<br><br>Nous effectuons nos massages sur table. Pour votre confort, nous utilisons de l\u2019huile chaude neutre. <br>Massage 1h ou 1h30 (30 minutes Yoni\/lingam)<\/p>\n\n\n\n<h2 class=\"wp-block-heading\">Rituel Eveil des Sens pour couple <br>ou femme seule uniquement<\/h2>\n\n\n\n<figure class=\"wp-block-image size-full\"><img loading=\"lazy\" decoding=\"async\" width=\"816\" height=\"540\" src=\"https:\/\/les-sens-tantra.fr\/wp-content\/uploads\/2023\/04\/317994440_198195136068051_8508057918570231700_n.jpg\" alt=\"\" class=\"wp-image-29\" srcset=\"https:\/\/les-sens-tantra.fr\/wp-content\/uploads\/2023\/04\/317994440_198195136068051_8508057918570231700_n.jpg 816w, https:\/\/les-sens-tantra.fr\/wp-content\/uploads\/2023\/04\/317994440_198195136068051_8508057918570231700_n-300x199.jpg 300w, https:\/\/les-sens-tantra.fr\/wp-content\/uploads\/2023\/04\/317994440_198195136068051_8508057918570231700_n-768x508.jpg 768w\" sizes=\"auto, (max-width: 816px) 100vw, 816px\" \/><\/figure>\n\n\n\n<p>Nous avons cr\u00e9\u00e9 ce rituel pour les personnes en recherche de nouvelles sensations. <strong>Attention ce n&rsquo;est pas un massage Tantra mais bien un rituel que nous avons con\u00e7u comprenant diff\u00e9rentes techniques de massage.<\/strong><br>Un rituel naturiste pour les mass\u00e9s et masseurs de 90 minutes ou certains de vos sens seront occult\u00e9s pour d\u00e9velopper les autres pendant ce voyage sensuel. Une exp\u00e9rience profonde, remplie d\u2019amour, un moment de confiance et d\u2019abandon. Le rituel prend en compte l\u2019int\u00e9gralit\u00e9 du corps, y compris les organes g\u00e9nitaux avec la stimulation de chaque zone \u00e9rog\u00e8ne. (en fonction de vos limites)<br>Un voyage sans la vue, le gout&nbsp;<strong>juste le toucher et l&rsquo;odorat <\/strong>(huile essentielle).<br>Le toucher de la plume, de la pierre de jade, des mains et biens d\u2019autres sensations. <br>Le massage peut vous amener \u00e0 r\u00e9agir et \u00e0 vous exprimer par divers bruits, et r\u00e9actions. Cela n\u2019a rien d\u2019anormal&nbsp;et vous ne devez surtout pas vous efforcer de rester impassible, ce qui est contraire au laisser-aller.&nbsp;<br>L\u2019expression des \u00e9motions est&nbsp;tr\u00e8s b\u00e9n\u00e9fique ;&nbsp;manifester&nbsp;son plaisir n\u2019a rien de condamnable ou de honteux.<br><br>L\u2019\u00e9change de caresses, c\u00e2lins est accept\u00e9 durant ce rituel. Pour autant que ceux-ci soient&nbsp;<strong>respectueux<\/strong>&nbsp;et bien dans<strong>&nbsp;l\u2019esprit<\/strong>&nbsp;de notre rituel. Nous vous signalerons si vos caresses deviennent d\u00e9plac\u00e9es et on se garde le droit d\u2019interrompre le massage si vous ne respectez pas nos recommandations !<br>Apprendre \u00e0 recevoir avant de vouloir donner.<\/p>\n\n\n\n<h2 class=\"wp-block-heading\">MASSAGE dans le NOIR<\/h2>\n\n\n\n<figure class=\"wp-block-image size-large\"><img loading=\"lazy\" decoding=\"async\" width=\"1024\" height=\"680\" src=\"https:\/\/les-sens-tantra.fr\/wp-content\/uploads\/2024\/08\/neon-3003020_1280-1024x680.jpg\" alt=\"\" class=\"wp-image-201\" srcset=\"https:\/\/les-sens-tantra.fr\/wp-content\/uploads\/2024\/08\/neon-3003020_1280-1024x680.jpg 1024w, https:\/\/les-sens-tantra.fr\/wp-content\/uploads\/2024\/08\/neon-3003020_1280-300x199.jpg 300w, https:\/\/les-sens-tantra.fr\/wp-content\/uploads\/2024\/08\/neon-3003020_1280-768x510.jpg 768w, https:\/\/les-sens-tantra.fr\/wp-content\/uploads\/2024\/08\/neon-3003020_1280.jpg 1280w\" sizes=\"auto, (max-width: 1024px) 100vw, 1024px\" \/><\/figure>\n\n\n\n<p>Massage dans le noir pour couple et femme uniquement <strong>pas d&rsquo;homme seul<\/strong><br>Une nouvelle exp\u00e9rience dans le l\u00e2cher prise. Un massage en Solo (uniquement pour femme) ou en Duo en pi\u00e8ces s\u00e9par\u00e9es pour que chaque mass\u00e9 puisse vivre son exp\u00e9rience.<br>Un massage naturiste (masseurs et mass\u00e9s) effectu\u00e9 dans la p\u00e9nombre afin de d\u00e9velopper tous les autres sens que celui de la vue..Un \u00e9change de sensations de libert\u00e9 et d&rsquo;expressions dans le respect et limites de chacun. l&rsquo;int\u00e9gralit\u00e9 du corps est mass\u00e9. Les temps d&rsquo;installation, huillage et retournement se feront dans avec une lumi\u00e8re tamis\u00e9e.<br>Le massage commence par un effeuillage reciproque puis massage tr\u00e8s sensuel sur table en alternant des positions allong\u00e9 et assis.<br>dur\u00e9e env 1h30. <strong>Ce massage est effectu\u00e9 avec des personnes ayant d\u00e9ja re\u00e7u au minimum l&rsquo;un de nos massages<\/strong> et a minima le Rituel des sens.<\/p>\n\n\n\n<div class=\"wp-block-columns is-layout-flex wp-container-core-columns-is-layout-9d6595d7 wp-block-columns-is-layout-flex\">\n<div class=\"wp-block-column is-layout-flow wp-block-column-is-layout-flow\">\n<h2 class=\"wp-block-heading\">Massage Tantra \u00e0 4 mains pour Femme <br>1h00 ou 1h30<\/h2>\n\n\n\n<figure class=\"wp-block-image size-large\"><img loading=\"lazy\" decoding=\"async\" width=\"1024\" height=\"683\" src=\"https:\/\/les-sens-tantra.fr\/wp-content\/uploads\/2023\/04\/relaxation-3065578-1024x683.jpg\" alt=\"\" class=\"wp-image-28\" srcset=\"https:\/\/les-sens-tantra.fr\/wp-content\/uploads\/2023\/04\/relaxation-3065578-1024x683.jpg 1024w, https:\/\/les-sens-tantra.fr\/wp-content\/uploads\/2023\/04\/relaxation-3065578-300x200.jpg 300w, https:\/\/les-sens-tantra.fr\/wp-content\/uploads\/2023\/04\/relaxation-3065578-768x512.jpg 768w, https:\/\/les-sens-tantra.fr\/wp-content\/uploads\/2023\/04\/relaxation-3065578-1536x1024.jpg 1536w, https:\/\/les-sens-tantra.fr\/wp-content\/uploads\/2023\/04\/relaxation-3065578-2048x1366.jpg 2048w\" sizes=\"auto, (max-width: 1024px) 100vw, 1024px\" \/><\/figure>\n\n\n\n<p>Le modelage \u00e0 4 mains vous apporte le m\u00eame r\u00e9sultat qu\u2019un modelage tantra. Ici, l\u2019avantage sera de profiter d\u2019une relaxation encore plus profonde ainsi qu\u2019un l\u00e2cher prise exceptionnel.<br>En effet, vous serez plong\u00e9s dans un \u00e9tat de s\u00e9r\u00e9nit\u00e9 absolue et votre corps sera compl\u00e8tement d\u00e9tendu. Vous serez masser par un homme et une femme. le massage 1h30 comprends la yoni<br>Massage effectu\u00e9 par Sandrine et Herv\u00e9.<\/p>\n<\/div>\n<\/div>\n\n\n\n<p><a href=\"https:\/\/les-sens-tantra.fr\/index.php\/tarifs\/\">Consulter nos tarifs <\/a><br><a href=\"https:\/\/www.facebook.com\/les.sens.tantra\/\" target=\"_blank\" rel=\"noreferrer noopener\">Suivez nous sur Facebook<\/a><\/p>\n\n\n\n<p>massage couple naturiste et tantra non naturiste<\/p>\n","protected":false},"excerpt":{"rendered":"<p>Nous pratiquons plusieurs massages comme le californien, \u00e0 la bougie, aux bols tib\u00e9tains etc. Le site les-sens-tantra est bas\u00e9 plus sp\u00e9cifiquement aux massages en couple naturiste et tantrique. Le massage <a class=\"more-link\" href=\"https:\/\/les-sens-tantra.fr\/index.php\/massage-couple-naturiste-et-tantra\/\">Continuer la lecture &rarr;<\/a><\/p>\n","protected":false},"author":1,"featured_media":0,"parent":0,"menu_order":0,"comment_status":"closed","ping_status":"closed","template":"","meta":{"footnotes":""},"class_list":["post-19","page","type-page","status-publish","hentry"],"yoast_head":"<!-- This site is optimized with the Yoast SEO plugin v26.8 - https:\/\/yoast.com\/product\/yoast-seo-wordpress\/ -->\n<title>Nos Massages - Les Sens Tantra<\/title>\n<meta name=\"description\" content=\"massage couple naturiste et tantra non naturiste en duo. Nous sommes dans le lot et garonne proche de la Dordogne\" \/>\n<meta name=\"robots\" content=\"index, follow, max-snippet:-1, max-image-preview:large, max-video-preview:-1\" \/>\n<link rel=\"canonical\" href=\"https:\/\/les-sens-tantra.fr\/index.php\/massage-couple-naturiste-et-tantra\/\" \/>\n<meta property=\"og:locale\" content=\"fr_FR\" \/>\n<meta property=\"og:type\" content=\"article\" \/>\n<meta property=\"og:title\" content=\"Nos Massages - Les Sens Tantra\" \/>\n<meta property=\"og:description\" content=\"massage couple naturiste et tantra non naturiste en duo. Nous sommes dans le lot et garonne proche de la Dordogne\" \/>\n<meta property=\"og:url\" content=\"https:\/\/les-sens-tantra.fr\/index.php\/massage-couple-naturiste-et-tantra\/\" \/>\n<meta property=\"og:site_name\" content=\"Les Sens Tantra\" \/>\n<meta property=\"article:publisher\" content=\"https:\/\/www.facebook.com\/les.sens.tantra\" \/>\n<meta property=\"article:modified_time\" content=\"2025-08-11T13:37:20+00:00\" \/>\n<meta property=\"og:image\" content=\"https:\/\/les-sens-tantra.fr\/wp-content\/uploads\/2023\/04\/IMGP0494-scaled.jpg\" \/>\n\t<meta property=\"og:image:width\" content=\"2560\" \/>\n\t<meta property=\"og:image:height\" content=\"1458\" \/>\n\t<meta property=\"og:image:type\" content=\"image\/jpeg\" \/>\n<meta name=\"twitter:card\" content=\"summary_large_image\" \/>\n<meta name=\"twitter:label1\" content=\"Dur\u00e9e de lecture estim\u00e9e\" \/>\n\t<meta name=\"twitter:data1\" content=\"5 minutes\" \/>\n<script type=\"application\/ld+json\" class=\"yoast-schema-graph\">{\"@context\":\"https:\/\/schema.org\",\"@graph\":[{\"@type\":\"WebPage\",\"@id\":\"https:\/\/les-sens-tantra.fr\/index.php\/massage-couple-naturiste-et-tantra\/\",\"url\":\"https:\/\/les-sens-tantra.fr\/index.php\/massage-couple-naturiste-et-tantra\/\",\"name\":\"Nos Massages - Les Sens Tantra\",\"isPartOf\":{\"@id\":\"https:\/\/les-sens-tantra.fr\/#website\"},\"primaryImageOfPage\":{\"@id\":\"https:\/\/les-sens-tantra.fr\/index.php\/massage-couple-naturiste-et-tantra\/#primaryimage\"},\"image\":{\"@id\":\"https:\/\/les-sens-tantra.fr\/index.php\/massage-couple-naturiste-et-tantra\/#primaryimage\"},\"thumbnailUrl\":\"https:\/\/les-sens-tantra.fr\/wp-content\/uploads\/2023\/04\/IMGP0494-1024x583.jpg\",\"datePublished\":\"2023-04-26T18:33:01+00:00\",\"dateModified\":\"2025-08-11T13:37:20+00:00\",\"description\":\"massage couple naturiste et tantra non naturiste en duo. Nous sommes dans le lot et garonne proche de la Dordogne\",\"breadcrumb\":{\"@id\":\"https:\/\/les-sens-tantra.fr\/index.php\/massage-couple-naturiste-et-tantra\/#breadcrumb\"},\"inLanguage\":\"fr-FR\",\"potentialAction\":[{\"@type\":\"ReadAction\",\"target\":[\"https:\/\/les-sens-tantra.fr\/index.php\/massage-couple-naturiste-et-tantra\/\"]}]},{\"@type\":\"ImageObject\",\"inLanguage\":\"fr-FR\",\"@id\":\"https:\/\/les-sens-tantra.fr\/index.php\/massage-couple-naturiste-et-tantra\/#primaryimage\",\"url\":\"https:\/\/les-sens-tantra.fr\/wp-content\/uploads\/2023\/04\/IMGP0494-scaled.jpg\",\"contentUrl\":\"https:\/\/les-sens-tantra.fr\/wp-content\/uploads\/2023\/04\/IMGP0494-scaled.jpg\",\"width\":2560,\"height\":1458},{\"@type\":\"BreadcrumbList\",\"@id\":\"https:\/\/les-sens-tantra.fr\/index.php\/massage-couple-naturiste-et-tantra\/#breadcrumb\",\"itemListElement\":[{\"@type\":\"ListItem\",\"position\":1,\"name\":\"Accueil\",\"item\":\"https:\/\/les-sens-tantra.fr\/\"},{\"@type\":\"ListItem\",\"position\":2,\"name\":\"Nos Massages\"}]},{\"@type\":\"WebSite\",\"@id\":\"https:\/\/les-sens-tantra.fr\/#website\",\"url\":\"https:\/\/les-sens-tantra.fr\/\",\"name\":\"Les Sens Tantra\",\"description\":\"au del\u00e0 du geste, le toucher.\",\"publisher\":{\"@id\":\"https:\/\/les-sens-tantra.fr\/#organization\"},\"potentialAction\":[{\"@type\":\"SearchAction\",\"target\":{\"@type\":\"EntryPoint\",\"urlTemplate\":\"https:\/\/les-sens-tantra.fr\/?s={search_term_string}\"},\"query-input\":{\"@type\":\"PropertyValueSpecification\",\"valueRequired\":true,\"valueName\":\"search_term_string\"}}],\"inLanguage\":\"fr-FR\"},{\"@type\":\"Organization\",\"@id\":\"https:\/\/les-sens-tantra.fr\/#organization\",\"name\":\"Les Sens Tantra\",\"url\":\"https:\/\/les-sens-tantra.fr\/\",\"logo\":{\"@type\":\"ImageObject\",\"inLanguage\":\"fr-FR\",\"@id\":\"https:\/\/les-sens-tantra.fr\/#\/schema\/logo\/image\/\",\"url\":\"http:\/\/les-sens-tantra.fr\/wp-content\/uploads\/2023\/04\/logo_sexotherapeute-removebg-preview-1.png\",\"contentUrl\":\"http:\/\/les-sens-tantra.fr\/wp-content\/uploads\/2023\/04\/logo_sexotherapeute-removebg-preview-1.png\",\"width\":487,\"height\":513,\"caption\":\"Les Sens Tantra\"},\"image\":{\"@id\":\"https:\/\/les-sens-tantra.fr\/#\/schema\/logo\/image\/\"},\"sameAs\":[\"https:\/\/www.facebook.com\/les.sens.tantra\"]}]}<\/script>\n<!-- \/ Yoast SEO plugin. -->","yoast_head_json":{"title":"Nos Massages - Les Sens Tantra","description":"massage couple naturiste et tantra non naturiste en duo. Nous sommes dans le lot et garonne proche de la Dordogne","robots":{"index":"index","follow":"follow","max-snippet":"max-snippet:-1","max-image-preview":"max-image-preview:large","max-video-preview":"max-video-preview:-1"},"canonical":"https:\/\/les-sens-tantra.fr\/index.php\/massage-couple-naturiste-et-tantra\/","og_locale":"fr_FR","og_type":"article","og_title":"Nos Massages - Les Sens Tantra","og_description":"massage couple naturiste et tantra non naturiste en duo. Nous sommes dans le lot et garonne proche de la Dordogne","og_url":"https:\/\/les-sens-tantra.fr\/index.php\/massage-couple-naturiste-et-tantra\/","og_site_name":"Les Sens Tantra","article_publisher":"https:\/\/www.facebook.com\/les.sens.tantra","article_modified_time":"2025-08-11T13:37:20+00:00","og_image":[{"width":2560,"height":1458,"url":"https:\/\/les-sens-tantra.fr\/wp-content\/uploads\/2023\/04\/IMGP0494-scaled.jpg","type":"image\/jpeg"}],"twitter_card":"summary_large_image","twitter_misc":{"Dur\u00e9e de lecture estim\u00e9e":"5 minutes"},"schema":{"@context":"https:\/\/schema.org","@graph":[{"@type":"WebPage","@id":"https:\/\/les-sens-tantra.fr\/index.php\/massage-couple-naturiste-et-tantra\/","url":"https:\/\/les-sens-tantra.fr\/index.php\/massage-couple-naturiste-et-tantra\/","name":"Nos Massages - Les Sens Tantra","isPartOf":{"@id":"https:\/\/les-sens-tantra.fr\/#website"},"primaryImageOfPage":{"@id":"https:\/\/les-sens-tantra.fr\/index.php\/massage-couple-naturiste-et-tantra\/#primaryimage"},"image":{"@id":"https:\/\/les-sens-tantra.fr\/index.php\/massage-couple-naturiste-et-tantra\/#primaryimage"},"thumbnailUrl":"https:\/\/les-sens-tantra.fr\/wp-content\/uploads\/2023\/04\/IMGP0494-1024x583.jpg","datePublished":"2023-04-26T18:33:01+00:00","dateModified":"2025-08-11T13:37:20+00:00","description":"massage couple naturiste et tantra non naturiste en duo. Nous sommes dans le lot et garonne proche de la Dordogne","breadcrumb":{"@id":"https:\/\/les-sens-tantra.fr\/index.php\/massage-couple-naturiste-et-tantra\/#breadcrumb"},"inLanguage":"fr-FR","potentialAction":[{"@type":"ReadAction","target":["https:\/\/les-sens-tantra.fr\/index.php\/massage-couple-naturiste-et-tantra\/"]}]},{"@type":"ImageObject","inLanguage":"fr-FR","@id":"https:\/\/les-sens-tantra.fr\/index.php\/massage-couple-naturiste-et-tantra\/#primaryimage","url":"https:\/\/les-sens-tantra.fr\/wp-content\/uploads\/2023\/04\/IMGP0494-scaled.jpg","contentUrl":"https:\/\/les-sens-tantra.fr\/wp-content\/uploads\/2023\/04\/IMGP0494-scaled.jpg","width":2560,"height":1458},{"@type":"BreadcrumbList","@id":"https:\/\/les-sens-tantra.fr\/index.php\/massage-couple-naturiste-et-tantra\/#breadcrumb","itemListElement":[{"@type":"ListItem","position":1,"name":"Accueil","item":"https:\/\/les-sens-tantra.fr\/"},{"@type":"ListItem","position":2,"name":"Nos Massages"}]},{"@type":"WebSite","@id":"https:\/\/les-sens-tantra.fr\/#website","url":"https:\/\/les-sens-tantra.fr\/","name":"Les Sens Tantra","description":"au del\u00e0 du geste, le toucher.","publisher":{"@id":"https:\/\/les-sens-tantra.fr\/#organization"},"potentialAction":[{"@type":"SearchAction","target":{"@type":"EntryPoint","urlTemplate":"https:\/\/les-sens-tantra.fr\/?s={search_term_string}"},"query-input":{"@type":"PropertyValueSpecification","valueRequired":true,"valueName":"search_term_string"}}],"inLanguage":"fr-FR"},{"@type":"Organization","@id":"https:\/\/les-sens-tantra.fr\/#organization","name":"Les Sens Tantra","url":"https:\/\/les-sens-tantra.fr\/","logo":{"@type":"ImageObject","inLanguage":"fr-FR","@id":"https:\/\/les-sens-tantra.fr\/#\/schema\/logo\/image\/","url":"http:\/\/les-sens-tantra.fr\/wp-content\/uploads\/2023\/04\/logo_sexotherapeute-removebg-preview-1.png","contentUrl":"http:\/\/les-sens-tantra.fr\/wp-content\/uploads\/2023\/04\/logo_sexotherapeute-removebg-preview-1.png","width":487,"height":513,"caption":"Les Sens Tantra"},"image":{"@id":"https:\/\/les-sens-tantra.fr\/#\/schema\/logo\/image\/"},"sameAs":["https:\/\/www.facebook.com\/les.sens.tantra"]}]}},"_links":{"self":[{"href":"https:\/\/les-sens-tantra.fr\/index.php\/wp-json\/wp\/v2\/pages\/19","targetHints":{"allow":["GET"]}}],"collection":[{"href":"https:\/\/les-sens-tantra.fr\/index.php\/wp-json\/wp\/v2\/pages"}],"about":[{"href":"https:\/\/les-sens-tantra.fr\/index.php\/wp-json\/wp\/v2\/types\/page"}],"author":[{"embeddable":true,"href":"https:\/\/les-sens-tantra.fr\/index.php\/wp-json\/wp\/v2\/users\/1"}],"replies":[{"embeddable":true,"href":"https:\/\/les-sens-tantra.fr\/index.php\/wp-json\/wp\/v2\/comments?post=19"}],"version-history":[{"count":35,"href":"https:\/\/les-sens-tantra.fr\/index.php\/wp-json\/wp\/v2\/pages\/19\/revisions"}],"predecessor-version":[{"id":374,"href":"https:\/\/les-sens-tantra.fr\/index.php\/wp-json\/wp\/v2\/pages\/19\/revisions\/374"}],"wp:attachment":[{"href":"https:\/\/les-sens-tantra.fr\/index.php\/wp-json\/wp\/v2\/media?parent=19"}],"curies":[{"name":"wp","href":"https:\/\/api.w.org\/{rel}","templated":true}]}}